u be y(s). Suppose j - u*j = -295. Is j a composite number?
False
Suppose -39 = 5*g + 16. Let b = 42 - g. Suppose -i = r - 3*i - b, -2*r - 5*i + 61 = 0. Is r composite?
False
Let y(k) = k**2 - 22*k - 6. Let w(p) = -p**2 + 21*p + 5. Let i(a) = 5*w(a) + 4*y(a). Is i(7) a composite number?
False
Let c(r) = 16*r**2 - r + 8. Is c(15) composite?
False
Let h(m) = m**2 - 3. Suppose 14 = -5*a + 3*u, -4*a - a - 11 = -2*u. Let c be -3 - 1 - (1 + a). Is h(c) prime?
True
Let k(f) = f**2 - 2*f + 1. Let d be k(3). Suppose 0 = -d*r - 0 + 16. Is r a composite number?
True
Suppose d - 2*d + 381 = 0. Is d composite?
True
Let r(g) = -g**2 + 6*g - 7. Let o be r(-9). Let d = o + 333. Is d a composite number?
False
Let s(p) = 3*p**3 + 18*p**2 - 20*p - 2. Let h(q) = -2*q**3 - 12*q**2 + 13*q + 1. Let g(m) = 8*h(m) + 5*s(m). Is g(-7) prime?
True
Let q = 11141 + -2732. Is q a prime number?
False
Suppose -3566 + 444 = -7*r. Is r a prime number?
False
Let o = 77 - 147. Let h be (-35)/((1 - 0)/1). Let x = h - o. Is x prime?
False
Let g(m) = -m - m + 24*m**2 + 0*m**2 - 1. Let r be g(-1). Suppose -r = 2*t + k - 188, 4*k = 5*t - 375. Is t prime?
True
Suppose -294 = -4*o - 3*y, 3*o - 221 = -y + 2. Let h = 80 + o. Is h a composite number?
True
Suppose -2*m - 4*w = -42, 5*m + w - 60 - 27 = 0. Let n be (-1)/(3 - m/6). Is (n/9)/2*-393 a composite number?
False
Let m(s) = s**2 - 9*s - 13. Is m(-12) composite?
False
Let u(k) = -k**3 - 5*k**2 + 2*k - 1. Suppose 5*j - a = -45, -57 = 4*j - 7*a + 2*a. Let d be j + (2 - 0/2). Is u(d) prime?
True
Suppose 13*r - 8*r = -225. Suppose -4*u - 163 = -483. Let c = u + r. Is c a prime number?
False
Let p = 15 - 9. Suppose 4*a = 30 - p. Is a composite?
True
Let g(i) = 96*i**3 + i**2 + i + 2. Let d be g(-2). Let r = d + 1095. Is r a composite number?
False
Let p = -242 - -385. Is p prime?
False
Suppose 0 = 21*p - 12671 - 35482. Is p composite?
False
Suppose -5*k + 850 = 3*r - 210, 1776 = 5*r - k. Is r composite?
True
Let i(j) = 2*j**2 + 14. Is i(-4) prime?
False
Suppose 5*p - 106 - 1079 = 0. Let l = p - 119. Is l a composite number?
True
Let b(l) = -2*l - 13. Let d be b(-10). Let m(o) = o**2 - 2*o - 2. Is m(d) prime?
False
Let q = -1246 + 3081. Is q prime?
False
Suppose 0 = w - p + 48, -2*w - 25 - 77 = -5*p. Let q = 73 - w. Is q prime?
False
Let f(t) = 238*t**2 - t - 1. Let d be f(-2). Suppose -5*h + d = 298. Is h a composite number?
False
Let d(u) = -677*u + 46. Is d(-9) a composite number?
True
Let n be (-22)/(-55) - 878/(-5). Let t = -97 + n. Is t composite?
False
Let m = 87 + -18. Let g(y) = 67*y - 2. Let k be g(2). Is (-4)/(k/m + -2) composite?
True
Let u(f) = -233*f - 1. Let j be u(-2). Let m = j + 299. Is m/6 + 4/(-12) a prime number?
True
Let m be (-527)/(-4) + 1/4. Suppose -t = -4*g - 2*t - m, -4*g - 132 = 2*t. Let i = g - -48. Is i a composite number?
True
Let g(j) = 30*j - 3. Let o(x) = -59*x + 7. Let n(a) = 5*g(a) + 3*o(a). Let f be n(-8). Is f/(-9)*(-42)/4 a prime number?
False
Suppose 5*m - u - 26 = -2*u, -4*m + 2*u = -32. Let l = m + -3. Suppose 2*w - 2*c - 43 = -l*c, -2*w = 5*c - 63. Is w prime?
True
Let y = 14 + -6. Let m = 61 + y. Is m a composite number?
True
Let k = -30 + 51. Let n = k - -236. Suppose -4*y + d + n = -2*y, -5*y + 2*d = -641. Is y a prime number?
True
Suppose -4*z - 489 = -3*z. Let i be (-4)/10 + z/15. Is (-1 + i/(-12))*20 prime?
False
Let n(f) = 24*f**2. Let p be n(-2). Let s = 211 - p. Is s composite?
True
Suppose -2*f + 129 = -169. Is f a composite number?
False
Let f(z) = z**2 - z - 2. Let r be f(-2). Suppose 41 = d - 4*i, -3*i + 2 = -r*i. Is d a composite number?
True
Let y = 4 + -4. Let x be (8/6 - 2)*-6. Let c = x - y. Is c a composite number?
True
Let z(r) = 3*r**2 + 5. Suppose -2*h - 5*c = 8, -4*h + 8 = -2*h + c. Let u = h - 2. Is z(u) a composite number?
False
Is (74 - (0 + 0))*(-289)/(-34) prime?
False
Let i be 133/2 + (-2)/(-4). Suppose 4*z - 13 = 7. Suppose -z*a + i = -208. Is a prime?
False
Let a(p) = -80*p + 11. Is a(-1) a composite number?
True
Is (-37)/2*6/(-3) a composite number?
False
Let g(k) = 2*k + 8. Let f be g(6). Let h = 73 - f. Is h prime?
True
Is 29/(-2)*-5*2 composite?
True
Let h(b) = 45*b**3 + 1. Is h(1) a prime number?
False
Suppose z = 6*z - 5. Let p = z - -1. Let o = 21 + p. Is o prime?
True
Suppose -3 + 0 = -a. Suppose 3 = a*r - 6. Suppose s = 3*v + 154, -84 - 76 = -s - r*v. Is s composite?
False
Let v(i) = -120 + 0*i + 2*i - 3*i + 305. Is v(0) composite?
True
Suppose 4*l + 7 = -h - 6, -4*l + 4*h + 12 = 0. Let i(z) = -37*z + 6. Let w(b) = -25*b + 4. Let g(u) = 5*i(u) - 7*w(u). Is g(l) a prime number?
False
Is 852/6 + (0 - 3) prime?
True
Suppose 0 = -10*h + 5*h. Suppose h = 2*y - 414 - 82. Suppose 3*p = y + 181. Is p a composite number?
True
Let l(f) be the first derivative of 3*f**2/2 - 2*f + 1. Is l(4) a prime number?
False
Suppose -5*u + 7*u = 2. Let i = 0 - -3. Is (22 - i) + 0/u prime?
True
Suppose 0 = -2*p - 2*p + 12. Suppose 333 = 6*r - p*r. Is r a composite number?
True
Let q(p) be the second derivative of p**5/10 - 5*p**4/12 + p**3/2 + 3*p**2/2 - p. Let y be q(4). Suppose -z + 14 = -y. Is z a composite number?
True
Let w(z) = 73*z - 1. Suppose -2*k = -3*k + 3. Suppose -3 = -k*r + 3. Is w(r) composite?
True
Suppose 0 = 5*w + 25, m + 2*m - 4*w = 113. Is m a composite number?
False
Suppose 4*y = 3*q - 357, -3*q - 4*y - 99 = -456. Is q a composite number?
True
Let f(m) = 2*m**2 - 2*m - 1. Let i be f(2). Suppose 3*h - 46 = -2*x, -4*h = i*x + h - 71. Let z = x + -6. Is z a composite number?
False
Let j be -9*((-21)/9 - -3). Let x = j - -6. Suppose a - 161 = -x*a. Is a a composite number?
True
Let m(y) = 11*y**3 + 4*y**2 - 5*y + 6. Let q be m(3). Is (5 + q)*(2 + -1) composite?
True
Suppose 0 = 4*m + 5*r + 13, 3*m + 1 + 0 = 5*r. Let d be -49 - 4/(m/1). Let v = -22 - d. Is v a composite number?
True
Suppose 3*z + 2*j - 16 = 0, -z = 3*z + 4*j - 28. Let c = 13 - z. Is c composite?
False
Let g(x) = 5*x**2 - 6*x + 22. Is g(9) composite?
False
Let d = 22 - 17. Suppose -4*r - 4*s - 61 = -d*r, -5*s = 15. Is r prime?
False
Let b = -5 + 8. Suppose 0*u - 174 = -b*k - 2*u, 3*k = 4*u + 156. Let n = -7 + k. Is n a composite number?
True
Let k(h) = 5*h**2 - 7*h - 5. Let n be k(-5). Suppose 4*s + 34 = 466. Let c = n - s. Is c composite?
False
Let y = 278 - -221. Is y a prime number?
True
Suppose 3*m = -q + 7, -3*m + 15 = 3*q + 6. Suppose -b + q = -2. Suppose -j + 3*j + 59 = 5*n, b*j = -6. Is n prime?
True
Let r(q) = 4*q - 5. Let l = 10 - 4. Is r(l) a prime number?
True
Suppose -6*d = -2*d. Let h be 0 + d + -2 + -32. Let u = h - -48. Is u a prime number?
False
Suppose 3*a + a - 4 = 0, 5*a + 166 = 3*d. Is d a composite number?
True
Let p = -62 - -99. Is p a composite number?
False
Suppose -5*m = -885 + 50. Let g = 256 - m. Is g prime?
True
Let u = -3 + 51. Suppose 2*m - u = -2*m. Suppose -5*k - a + 131 = -3*a, 4*a + m = 0. Is k prime?
False
Let d be ((-4)/6)/(4/(-18)). Suppose -318 = -0*v - d*v. Is v a composite number?
True
Let b = 1031 + -565. Is b a composite number?
True
Suppose t + 3*l - 5 = 3, 5*l = t - 32. Let s = t + -7. Is s composite?
True
Let y be (0 - -2) + -2 + -7. Suppose -5*j + 5 = 2*k, -3*j = 3*k - 0*j - 21. Let m = y + k. Is m composite?
False
Suppose 0 = -5*u - z + 2939, 4*u + 2*z - 595 = 3*u. Is u a composite number?
False
Suppose h - 75 = 64. Is h prime?
True
Let o(z) = -24*z + 37. Is o(-20) a composite number?
True
Let h(m) = 4*m**2 + 4*m - 18. Is h(10) composite?
True
Suppose 2*k + 14 + 16 = 0. Let d = k - -9. Is (-177)/(-2) - 3/d a prime number?
True
Suppose -5*s = -8 - 12. Suppose -5*r = s*q - 35, 6*q - q + r = 49. Is q a prime number?
False
Let t(n) = 18*n**3 - 4*n + 3. Let s(v) be the second derivative of -9*v**5/10 + v**3/2 - v**2 - 2*v. Let k(w) = 4*s(w) + 3*t(w). Is k(-1) a prime number?
True
Let m be 2076/14 + (-2)/7. Suppose -k + m = k. Is k a prime number?
False
Let l(v) = -6*v**2 + v + 4*v**2 + 3*v**2 + 17*v**3 - 1. Let z be l(1). Suppose g - z = 1. Is g prime?
True
Let d(g) = -399*g + 16. Let n(o) = 266*o - 11. Let z(q) = -5*d(q) - 8*n(q). Is z(-5) a prime number?
True
Let w(q) = -q**2 - 14*q + 6. Let n be w(-14). Suppose -163 = -y + 4*o, n*o - 5*o = y - 157. Is y a prime number?
False
Suppose -z = 3*z + 8. Is 632/6 + z/(-3) a composite number?
True
Suppose -10*